{"id":27,"date":"2024-09-11T16:01:31","date_gmt":"2024-09-11T16:01:31","guid":{"rendered":"https:\/\/fmis.rj.gov.br\/v1\/?page_id=27"},"modified":"2026-04-14T11:01:01","modified_gmt":"2026-04-14T14:01:01","slug":"procedimentos","status":"publish","type":"page","link":"https:\/\/fmis.rj.gov.br\/v1\/procedimentos\/","title":{"rendered":"Procedimentos"},"content":{"rendered":"\n<div style=\"height:60px\" aria-hidden=\"true\" class=\"wp-block-spacer\"><\/div>\n\n\n\n<h2 class=\"wp-block-heading\">PROCEDIMENTOS PARA PESQUISA NO CENTRO DE PESQUISA, MEM\u00d3RIA E DOCUMENTA\u00c7\u00c3O RICARDO CRAVO ALBIN<\/h2>\n\n\n\n<p>PESQUISA NO BANCO DE DADOS ONLINE: \u2022 Endere\u00e7o:&nbsp;<a href=\"https:\/\/bd.mis.rj.gov.br\/\" target=\"_blank\" rel=\"noreferrer noopener\">https:\/\/bd.mis.rj.gov.br<\/a>&nbsp;\u2022 Anotar previamente os C\u00f3digos e IPs para acesso ao conte\u00fado presencial. \u2022 O agendamento deve ser feito por e-mail, para o endere\u00e7o saladepesquisa@fmis.rj.gov.br, com o tema e sele\u00e7\u00e3o de itens com base no c\u00f3digo anterior e IPs. Em breve estaremos disponibilizando agendamento online tamb\u00e9m. \u2022 Para o setor audiovisual ser\u00e1 permitido solicitar at\u00e9 5 itens por dia. PESQUISA PRESENCIAL: \u2022 Agendamento por e-mail, pessoal e intransfer\u00edvel. \u2022 O pesquisador deve trazer seu documento de identifica\u00e7\u00e3o, preencher e assinar o formul\u00e1rio de cadastro do pesquisador. \u2022 Hor\u00e1rio de funcionamento: 10h \u00e0s 13h \u2013 14 \u00e0s 17h (13 h \u00e0s 14 h pausa para almo\u00e7o) \u2022 Local: Centro de Pesquisa, Mem\u00f3ria e Documenta\u00e7\u00e3o, na sede do MIS Lapa. Rua Visconde de Maranguape, 15 \u2022 Em conformidade com a Constitui\u00e7\u00e3o Federal e com a Lei de Acesso \u00e0 Informa\u00e7\u00e3o (Lei n\u00ba 12.527, de 18 de novembro de 2011), a consulta \u00e9 sem custos. \u2022 Solicita\u00e7\u00f5es de reprodu\u00e7\u00e3o do acervo ser\u00e3o aceitas ap\u00f3s a pesquisa presencial. \u2022 Por quest\u00f5es de sa\u00fade p\u00fablica, o pesquisador dever\u00e1 trazer fone de ouvido particular com entrada padr\u00e3o (P2). REPRODU\u00c7\u00c3O DE ITENS DO ACERVO MIS \u2022 Gerar e realizar o pagamento da Guia de Recolhimento do Estado \u2013 GRE. Abaixo as instru\u00e7\u00f5es para o preenchimento no SITE da SEFAZ<br><a href=\"https:\/\/www.fazenda.rj.gov.br\/portal-fazenda\/#\/\" target=\"_blank\" rel=\"noreferrer noopener\">https:\/\/www.fazenda.rj.gov.br\/portal-fazenda\/#\/<\/a><\/p>\n\n\n\n<p>COMO PREENCHER PARA O MIS: Unidade Gestora Arrecadadora UGA: 154400 C\u00f3digo de Recolhimento: 27105-6, para os produtos MIS que est\u00e3o \u00e0 venda e; 27106-4, para as reprodu\u00e7\u00f5es que est\u00e3o na tabela da Portaria FMIS\/PRE 127 de 03\/08\/2007. N\u00famero de Refer\u00eancia: E-18\/003\/7\/2017 Compet\u00eancia: \u00e9 o m\u00eas do pagamento; Vencimento: \u00e9 a data que ser\u00e1 pago; CPF ou CNPJ do recolhedor, no caso de pessoa f\u00edsica CPF e no caso de Pessoa Jur\u00eddica CNPJ; Nome do Recolhedor; Valor Principal: \u00e9 o valor total da aquisi\u00e7\u00e3o; Selecionar tipo de emiss\u00e3o: Exibir guia. Emitir guia. INFORMA\u00c7\u00d5ES IMPORTANTES SOBRE O PAGAMENTO DA GRE: 1. O pagamento da GRE n\u00e3o pode ser feito em CHEQUE nem em PIX, somente em dinheiro e apenas no Banco Bradesco. 2. A GRE \u00e9 um documento n\u00e3o compens\u00e1vel, tendo pagamento exclusivo nas ag\u00eancias do Banco Bradesco S\/A, que \u00e9 o Agente Financeiro Oficial do Poder Executivo. 3. Qualquer d\u00favida sobre a emiss\u00e3o da GRE entrar em contato com a Ger\u00eancia Administrativa pelo e-mail: <a href=\"mailto:gerad@mis.rj.gov.br\" target=\"_blank\" rel=\"noreferrer noopener\">gerad@mis.rj.gov.br<\/a> SOBRE O TERMO DE RESPONSABILIDADE \u2022 Preencher o Termo (para Pessoa F\u00edsica ou Jur\u00eddica), com a descri\u00e7\u00e3o dos itens a serem utilizados, com o nome do item e c\u00f3digo anterior, e informar a finalidade para qual o material retirado ser\u00e1 utilizado. \u2022 Na descri\u00e7\u00e3o dos itens, em caso de audiovisual ou sonoro \u00e9 preciso informar quais os cortes: de entrada e de sa\u00edda. Estes devem ser, no m\u00ednimo, de 1 minuto cada. \u2022 Assinar o Termo de Responsabilidade (pessoa f\u00edsica ou pessoa jur\u00eddica). \u2022 Em caso de Pessoa Jur\u00eddica, entregar o certificado de CNPJ (gerado no site da Receita Federal). \u2022 No caso de reprodu\u00e7\u00e3o total ou em partes de Depoimentos para Posteridade, \u00e9 preciso que o depoente assine a autoriza\u00e7\u00e3o para uso deste. \u2022 Todos os documentos devem ser entregues em vias originais \u00e0 sede do MIS na Lapa. Aos cuidados do Centro de Pesquisa e Documenta\u00e7\u00e3o Ricardo Cravo Albin \u2013 CPD RCA. \u2022 Ap\u00f3s a entrega da GRE paga, juntamente com toda a documenta\u00e7\u00e3o, o CPD RCA tem um prazo de 7 dias \u00fateis para envio do material por WeTransfer. \u2022 Caso opte por retirar no MIS, trazer CD ou DVD. N\u00e3o utilizamos pen drive. DOCUMENTOS NECESS\u00c1RIOS PARA RETIRADA DAS REPRODU\u00c7\u00d5ES: PESSOA F\u00cdSICA: C\u00f3pia da carteira de identidade e do CPF Formul\u00e1rio de Cadastro Original e c\u00f3pia da GRE paga Comprovante original de pagamento da GRE Termo de responsabilidade assinado em via original. ATEN\u00c7\u00c3O: Assinatura digitalizada n\u00e3o possui validade jur\u00eddica. Folha rubricada com a rela\u00e7\u00e3o dos itens PESSOA JUR\u00cdDICA: C\u00f3pia do comprovante de inscri\u00e7\u00e3o no CNPJ\/MF (retirado no site da receita federal) C\u00f3pia da carteira de identidade e do CPF do representante da empresa ou respons\u00e1vel pela retirada do material solicitado. Formul\u00e1rio de Cadastro Original e c\u00f3pia da GRE paga Comprovante original de pagamento da GRE Termo de responsabilidade (em anexo) assinado em duas vias originais. ATEN\u00c7\u00c3O: Assinatura digitalizada n\u00e3o possui validade jur\u00eddica. Folha rubricada com a rela\u00e7\u00e3o dos itens reproduzidos.<br>Servi\u00e7o: e-mail para envio <a href=\"mailto:ascom@mis.rj.gov.br\" target=\"_blank\" rel=\"noreferrer noopener\">ascom@mis.rj.gov.br<\/a><\/p>\n","protected":false},"excerpt":{"rendered":"<p>PROCEDIMENTOS PARA PESQUISA NO CENTRO DE PESQUISA, MEM\u00d3RIA E DOCUMENTA\u00c7\u00c3O RICARDO CRAVO ALBIN PESQUISA NO BANCO DE DADOS ONLINE: \u2022 [&hellip;]<\/p>\n","protected":false},"author":3,"featured_media":0,"parent":0,"menu_order":0,"comment_status":"closed","ping_status":"closed","template":"","meta":{"site-sidebar-layout":"default","site-content-layout":"","ast-site-content-layout":"default","site-content-style":"default","site-sidebar-style":"default","ast-global-header-display":"","ast-banner-title-visibility":"","ast-main-header-display":"","ast-hfb-above-header-display":"","ast-hfb-below-header-display":"","ast-hfb-mobile-header-display":"","site-post-title":"disabled","ast-breadcrumbs-content":"","ast-featured-img":"","footer-sml-layout":"","ast-disable-related-posts":"","theme-transparent-header-meta":"","adv-header-id-meta":"","stick-header-meta":"","header-above-stick-meta":"","header-main-stick-meta":"","header-below-stick-meta":"","astra-migrate-meta-layouts":"default","ast-page-background-enabled":"default","ast-page-background-meta":{"desktop":{"background-color":"var(--ast-global-color-4)","background-image":"","background-repeat":"repeat","background-position":"center center","background-size":"auto","background-attachment":"scroll","background-type":"","background-media":"","overlay-type":"","overlay-color":"","overlay-opacity":"","overlay-gradient":""},"tablet":{"background-color":"","background-image":"","background-repeat":"repeat","background-position":"center center","background-size":"auto","background-attachment":"scroll","background-type":"","background-media":"","overlay-type":"","overlay-color":"","overlay-opacity":"","overlay-gradient":""},"mobile":{"background-color":"","background-image":"","background-repeat":"repeat","background-position":"center center","background-size":"auto","background-attachment":"scroll","background-type":"","background-media":"","overlay-type":"","overlay-color":"","overlay-opacity":"","overlay-gradient":""}},"ast-content-background-meta":{"desktop":{"background-color":"var(--ast-global-color-5)","background-image":"","background-repeat":"repeat","background-position":"center center","background-size":"auto","background-attachment":"scroll","background-type":"","background-media":"","overlay-type":"","overlay-color":"","overlay-opacity":"","overlay-gradient":""},"tablet":{"background-color":"var(--ast-global-color-5)","background-image":"","background-repeat":"repeat","background-position":"center center","background-size":"auto","background-attachment":"scroll","background-type":"","background-media":"","overlay-type":"","overlay-color":"","overlay-opacity":"","overlay-gradient":""},"mobile":{"background-color":"var(--ast-global-color-5)","background-image":"","background-repeat":"repeat","background-position":"center center","background-size":"auto","background-attachment":"scroll","background-type":"","background-media":"","overlay-type":"","overlay-color":"","overlay-opacity":"","overlay-gradient":""}},"footnotes":""},"folder":[],"class_list":["post-27","page","type-page","status-publish","hentry"],"_links":{"self":[{"href":"https:\/\/fmis.rj.gov.br\/v1\/wp-json\/wp\/v2\/pages\/27","targetHints":{"allow":["GET"]}}],"collection":[{"href":"https:\/\/fmis.rj.gov.br\/v1\/wp-json\/wp\/v2\/pages"}],"about":[{"href":"https:\/\/fmis.rj.gov.br\/v1\/wp-json\/wp\/v2\/types\/page"}],"author":[{"embeddable":true,"href":"https:\/\/fmis.rj.gov.br\/v1\/wp-json\/wp\/v2\/users\/3"}],"replies":[{"embeddable":true,"href":"https:\/\/fmis.rj.gov.br\/v1\/wp-json\/wp\/v2\/comments?post=27"}],"version-history":[{"count":10,"href":"https:\/\/fmis.rj.gov.br\/v1\/wp-json\/wp\/v2\/pages\/27\/revisions"}],"predecessor-version":[{"id":1613,"href":"https:\/\/fmis.rj.gov.br\/v1\/wp-json\/wp\/v2\/pages\/27\/revisions\/1613"}],"wp:attachment":[{"href":"https:\/\/fmis.rj.gov.br\/v1\/wp-json\/wp\/v2\/media?parent=27"}],"wp:term":[{"taxonomy":"folder","embeddable":true,"href":"https:\/\/fmis.rj.gov.br\/v1\/wp-json\/wp\/v2\/folder?post=27"}],"curies":[{"name":"wp","href":"https:\/\/api.w.org\/{rel}","templated":true}]}}