{"id":382,"date":"2024-09-20T11:34:25","date_gmt":"2024-09-20T14:34:25","guid":{"rendered":"https:\/\/fmis.rj.gov.br\/v1\/?page_id=382"},"modified":"2026-04-14T10:56:05","modified_gmt":"2026-04-14T13:56:05","slug":"colecoes","status":"publish","type":"page","link":"https:\/\/fmis.rj.gov.br\/v1\/colecoes\/","title":{"rendered":"Cole\u00e7\u00f5es"},"content":{"rendered":"\n<div style=\"height:50px\" aria-hidden=\"true\" class=\"wp-block-spacer\"><\/div>\n\n\n\n<div class=\"wp-block-media-text has-media-on-the-right is-stacked-on-mobile is-vertically-aligned-center has-medium-font-size\" style=\"margin-right:0;margin-left:0;grid-template-columns:auto 80%\"><div class=\"wp-block-media-text__content\">\n<h1 class=\"wp-block-heading has-text-align-center\"><strong><mark style=\"background-color:rgba(0, 0, 0, 0)\" class=\"has-inline-color has-ast-global-color-1-color\">Cole\u00e7\u00f5es<\/mark><\/strong><\/h1>\n<\/div><figure class=\"wp-block-media-text__media\"><img loading=\"lazy\" decoding=\"async\" width=\"1024\" height=\"341\" src=\"https:\/\/fmis.rj.gov.br\/v1\/wp-content\/uploads\/2025\/12\/Copia-de-Logo_mis_abas_unica_geral-1-1-1024x341.png\" alt=\"\" class=\"wp-image-1401 size-full\" srcset=\"https:\/\/fmis.rj.gov.br\/v1\/wp-content\/uploads\/2025\/12\/Copia-de-Logo_mis_abas_unica_geral-1-1-1024x341.png 1024w, https:\/\/fmis.rj.gov.br\/v1\/wp-content\/uploads\/2025\/12\/Copia-de-Logo_mis_abas_unica_geral-1-1-300x100.png 300w, https:\/\/fmis.rj.gov.br\/v1\/wp-content\/uploads\/2025\/12\/Copia-de-Logo_mis_abas_unica_geral-1-1-768x256.png 768w, https:\/\/fmis.rj.gov.br\/v1\/wp-content\/uploads\/2025\/12\/Copia-de-Logo_mis_abas_unica_geral-1-1.png 1200w\" sizes=\"auto, (max-width: 1024px) 100vw, 1024px\" \/><\/figure><\/div>\n\n\n\n<div style=\"height:20px\" aria-hidden=\"true\" class=\"wp-block-spacer\"><\/div>\n\n\n\n<div style=\"height:30px\" aria-hidden=\"true\" class=\"wp-block-spacer\"><\/div>\n\n\n\n<h2 class=\"wp-block-heading\">1.Cole\u00e7\u00e3o Maur\u00edcio Qu\u00e1drio (1960\/1961)<\/h2>\n\n\n\n<h2 class=\"wp-block-heading\">2.Cole\u00e7\u00e3o Augusto Malta (1964)<\/h2>\n\n\n\n<h2 class=\"wp-block-heading\">3.Cole\u00e7\u00e3o Guilherme dos Santos (1964)<\/h2>\n\n\n\n<h2 class=\"wp-block-heading\">4.Cole\u00e7\u00e3o Almirante (1964)<\/h2>\n\n\n\n<h2 class=\"wp-block-heading\">5.Cole\u00e7\u00e3o L\u00facio Rangel (1964)<\/h2>\n\n\n\n<h2 class=\"wp-block-heading\">6.Cole\u00e7\u00e3o de Portugal &#8211; Arquivo Ultramarino (1964)<br>Transferida para o Museu do Ing\u00e1 em 2016<\/h2>\n\n\n\n<h2 class=\"wp-block-heading\">7.Cole\u00e7\u00e3o Depoimentos para a Posteridade (1966- aos dias de hoje)<\/h2>\n\n\n\n<h2 class=\"wp-block-heading\">8.Cole\u00e7\u00e3o MIS (1970 &#8211; aos dias de hoje)<\/h2>\n\n\n\n<h2 class=\"wp-block-heading\">9.Cole\u00e7\u00e3o R\u00e1dio Nacional (1972)<\/h2>\n\n\n\n<h2 class=\"wp-block-heading\">10.Cole\u00e7\u00e3o Jacob do Bandolim (1974)<\/h2>\n\n\n\n<h2 class=\"wp-block-heading\">11.Cole\u00e7\u00e3o Elizeth Cardoso (1979)<\/h2>\n\n\n\n<h2 class=\"wp-block-heading\">12.Cole\u00e7\u00e3o Salvyano Cavalcanti (1987)<\/h2>\n\n\n\n<h2 class=\"wp-block-heading\">13.Cole\u00e7\u00e3o Irm\u00e3s Batista (1988)<\/h2>\n\n\n\n<h2 class=\"wp-block-heading\">14.Cole\u00e7\u00e3o Nara Le\u00e3o (1990)<\/h2>\n\n\n\n<h2 class=\"wp-block-heading\">15. Cole\u00e7\u00e3o Pal\u00e1cio Guanaraba (1990)<br>Transferida para o Arquivo P\u00fablico do Estado do Rio de Janeiro em 2006.<\/h2>\n\n\n\n<h2 class=\"wp-block-heading\">16.Cole\u00e7\u00e3o Odete Amaral (1998)<\/h2>\n\n\n\n<h2 class=\"wp-block-heading\">17.Cole\u00e7\u00e3o Abel Ferreira (1995)<\/h2>\n\n\n\n<h2 class=\"wp-block-heading\">18.Cole\u00e7\u00e3o Jurandyr Noronha (1997)<\/h2>\n\n\n\n<h2 class=\"wp-block-heading\">19.Cole\u00e7\u00e3o Jorge Murad (1999\/2000)<\/h2>\n\n\n\n<h2 class=\"wp-block-heading\">20.Cole\u00e7\u00e3o Jairo Severiano (2004)<\/h2>\n\n\n\n<h2 class=\"wp-block-heading\">21.Cole\u00e7\u00e3o S\u00e9rgio Cabral (2007\/ 2015\/ 2017\/ 2025)<\/h2>\n\n\n\n<h2 class=\"wp-block-heading\">22.Cole\u00e7\u00e3o Zez\u00e9 Gonzaga (2008)<\/h2>\n\n\n\n<h2 class=\"wp-block-heading\">23. Cole\u00e7\u00e3o da Discoteca P\u00fablica do Distrito Federal (2009)<\/h2>\n\n\n\n<h2 class=\"wp-block-heading\">24. Cole\u00e7\u00e3o Paulo Tapaj\u00f3s (2009\/ 2014)<\/h2>\n\n\n\n<h2 class=\"wp-block-heading\">25. Cole\u00e7\u00e3o Waldyr Azevedo (2010)<\/h2>\n\n\n\n<h2 class=\"wp-block-heading\">26.Cole\u00e7\u00e3o Herm\u00ednio Bello de Carvalho (2011\/ 2012)<\/h2>\n\n\n\n<h2 class=\"wp-block-heading\">27.Cole\u00e7\u00e3o Dorival Caymmi (2011)<\/h2>\n\n\n\n<h2 class=\"wp-block-heading\">28.Cole\u00e7\u00e3o Luiz Carlos Saroldi (2012)<\/h2>\n\n\n\n<h2 class=\"wp-block-heading\">29.Cole\u00e7\u00e3o Braguinha (2013)<\/h2>\n\n\n\n<h2 class=\"wp-block-heading\">30.Cole\u00e7\u00e3o Herivelto Martins (2013)<\/h2>\n\n\n\n<h2 class=\"wp-block-heading\">31.Cole\u00e7\u00e3o Nelson Motta (2013\/ 2015)<\/h2>\n\n\n\n<h2 class=\"wp-block-heading\">32.Cole\u00e7\u00e3o Jo\u00e3o Ara\u00fajo (2014)<\/h2>\n\n\n\n<h2 class=\"wp-block-heading\">33.Cole\u00e7\u00e3o Oscarito (2015)<\/h2>\n\n\n\n<h2 class=\"wp-block-heading\">34.Cole\u00e7\u00e3o lmar de Carvalho (2019)<\/h2>\n\n\n\n<h2 class=\"wp-block-heading\">35.Cole\u00e7\u00e3o J\u00falio Louzada (2019)<\/h2>\n\n\n\n<h2 class=\"wp-block-heading\">36.Cole\u00e7\u00e3o Tito Madi (2019)<\/h2>\n\n\n\n<h2 class=\"wp-block-heading\">37.Cole\u00e7\u00e3o Jos\u00e9 Wilker (2024)<\/h2>\n\n\n\n<h2 class=\"wp-block-heading\">38.Cole\u00e7\u00e3o Garoto (2021)<\/h2>\n\n\n\n<h2 class=\"wp-block-heading\">39.Cole\u00e7\u00e3o Ronaldo C\u00e2mara (2022)<\/h2>\n\n\n\n<h2 class=\"wp-block-heading\">40.Cole\u00e7\u00e3o Ortiz Rubio Alexim (2022)<\/h2>\n\n\n\n<h2 class=\"wp-block-heading\">41.Cole\u00e7\u00e3o Ivan Lins (2023)<\/h2>\n\n\n\n<h2 class=\"wp-block-heading\">42.Cole\u00e7\u00e3o Marlene (2024)<\/h2>\n\n\n\n<h2 class=\"wp-block-heading\">43.Cole\u00e7\u00e3o Amaral Gurgel (2025)<\/h2>\n\n\n\n<h2 class=\"wp-block-heading\">44.Cole\u00e7\u00e3o Sindicato dos M\u00fasicos (2025)<\/h2>\n\n\n\n<h2 class=\"wp-block-heading\">45.Cole\u00e7\u00e3o Joel Nascimento (2025)<\/h2>\n\n\n\n<div style=\"height:50px\" aria-hidden=\"true\" class=\"wp-block-spacer\"><\/div>\n\n\n\n<p><\/p>\n","protected":false},"excerpt":{"rendered":"<p>Cole\u00e7\u00f5es 1.Cole\u00e7\u00e3o Maur\u00edcio Qu\u00e1drio (1960\/1961) 2.Cole\u00e7\u00e3o Augusto Malta (1964) 3.Cole\u00e7\u00e3o Guilherme dos Santos (1964) 4.Cole\u00e7\u00e3o Almirante (1964) 5.Cole\u00e7\u00e3o L\u00facio Rangel [&hellip;]<\/p>\n","protected":false},"author":2,"featured_media":0,"parent":0,"menu_order":0,"comment_status":"closed","ping_status":"closed","template":"","meta":{"site-sidebar-layout":"default","site-content-layout":"","ast-site-content-layout":"default","site-content-style":"default","site-sidebar-style":"default","ast-global-header-display":"","ast-banner-title-visibility":"","ast-main-header-display":"","ast-hfb-above-header-display":"","ast-hfb-below-header-display":"","ast-hfb-mobile-header-display":"","site-post-title":"disabled","ast-breadcrumbs-content":"","ast-featured-img":"","footer-sml-layout":"","ast-disable-related-posts":"","theme-transparent-header-meta":"","adv-header-id-meta":"","stick-header-meta":"","header-above-stick-meta":"","header-main-stick-meta":"","header-below-stick-meta":"","astra-migrate-meta-layouts":"default","ast-page-background-enabled":"default","ast-page-background-meta":{"desktop":{"background-color":"var(--ast-global-color-4)","background-image":"","background-repeat":"repeat","background-position":"center center","background-size":"auto","background-attachment":"scroll","background-type":"","background-media":"","overlay-type":"","overlay-color":"","overlay-opacity":"","overlay-gradient":""},"tablet":{"background-color":"","background-image":"","background-repeat":"repeat","background-position":"center center","background-size":"auto","background-attachment":"scroll","background-type":"","background-media":"","overlay-type":"","overlay-color":"","overlay-opacity":"","overlay-gradient":""},"mobile":{"background-color":"","background-image":"","background-repeat":"repeat","background-position":"center center","background-size":"auto","background-attachment":"scroll","background-type":"","background-media":"","overlay-type":"","overlay-color":"","overlay-opacity":"","overlay-gradient":""}},"ast-content-background-meta":{"desktop":{"background-color":"var(--ast-global-color-5)","background-image":"","background-repeat":"repeat","background-position":"center center","background-size":"auto","background-attachment":"scroll","background-type":"","background-media":"","overlay-type":"","overlay-color":"","overlay-opacity":"","overlay-gradient":""},"tablet":{"background-color":"var(--ast-global-color-5)","background-image":"","background-repeat":"repeat","background-position":"center center","background-size":"auto","background-attachment":"scroll","background-type":"","background-media":"","overlay-type":"","overlay-color":"","overlay-opacity":"","overlay-gradient":""},"mobile":{"background-color":"var(--ast-global-color-5)","background-image":"","background-repeat":"repeat","background-position":"center center","background-size":"auto","background-attachment":"scroll","background-type":"","background-media":"","overlay-type":"","overlay-color":"","overlay-opacity":"","overlay-gradient":""}},"footnotes":""},"folder":[],"class_list":["post-382","page","type-page","status-publish","hentry"],"_links":{"self":[{"href":"https:\/\/fmis.rj.gov.br\/v1\/wp-json\/wp\/v2\/pages\/382","targetHints":{"allow":["GET"]}}],"collection":[{"href":"https:\/\/fmis.rj.gov.br\/v1\/wp-json\/wp\/v2\/pages"}],"about":[{"href":"https:\/\/fmis.rj.gov.br\/v1\/wp-json\/wp\/v2\/types\/page"}],"author":[{"embeddable":true,"href":"https:\/\/fmis.rj.gov.br\/v1\/wp-json\/wp\/v2\/users\/2"}],"replies":[{"embeddable":true,"href":"https:\/\/fmis.rj.gov.br\/v1\/wp-json\/wp\/v2\/comments?post=382"}],"version-history":[{"count":16,"href":"https:\/\/fmis.rj.gov.br\/v1\/wp-json\/wp\/v2\/pages\/382\/revisions"}],"predecessor-version":[{"id":1609,"href":"https:\/\/fmis.rj.gov.br\/v1\/wp-json\/wp\/v2\/pages\/382\/revisions\/1609"}],"wp:attachment":[{"href":"https:\/\/fmis.rj.gov.br\/v1\/wp-json\/wp\/v2\/media?parent=382"}],"wp:term":[{"taxonomy":"folder","embeddable":true,"href":"https:\/\/fmis.rj.gov.br\/v1\/wp-json\/wp\/v2\/folder?post=382"}],"curies":[{"name":"wp","href":"https:\/\/api.w.org\/{rel}","templated":true}]}}

Coleções

<div style="height:50px" aria-hidden="true" class="wp-block-spacer"></div>



<div class="wp-block-media-text has-media-on-the-right is-stacked-on-mobile is-vertically-aligned-center has-medium-font-size" style="margin-right:0;margin-left:0;grid-template-columns:auto 80%"><div class="wp-block-media-text__content">
<h1 class="wp-block-heading has-text-align-center"><strong><mark style="background-color:rgba(0, 0, 0, 0)" class="has-inline-color has-ast-global-color-1-color">Coleções</mark></strong></h1>
</div><figure class="wp-block-media-text__media"><img loading="lazy" decoding="async" width="1024" height="341" src="https://fmis.rj.gov.br/v1/wp-content/uploads/2025/12/Copia-de-Logo_mis_abas_unica_geral-1-1-1024x341.png" alt="" class="wp-image-1401 size-full" srcset="https://fmis.rj.gov.br/v1/wp-content/uploads/2025/12/Copia-de-Logo_mis_abas_unica_geral-1-1-1024x341.png 1024w, https://fmis.rj.gov.br/v1/wp-content/uploads/2025/12/Copia-de-Logo_mis_abas_unica_geral-1-1-300x100.png 300w, https://fmis.rj.gov.br/v1/wp-content/uploads/2025/12/Copia-de-Logo_mis_abas_unica_geral-1-1-768x256.png 768w, https://fmis.rj.gov.br/v1/wp-content/uploads/2025/12/Copia-de-Logo_mis_abas_unica_geral-1-1.png 1200w" sizes="auto, (max-width: 1024px) 100vw, 1024px" /></figure></div>



<div style="height:20px" aria-hidden="true" class="wp-block-spacer"></div>



<div style="height:30px" aria-hidden="true" class="wp-block-spacer"></div>



<h2 class="wp-block-heading">1.Coleção Maurício Quádrio (1960/1961)</h2>



<h2 class="wp-block-heading">2.Coleção Augusto Malta (1964)</h2>



<h2 class="wp-block-heading">3.Coleção Guilherme dos Santos (1964)</h2>



<h2 class="wp-block-heading">4.Coleção Almirante (1964)</h2>



<h2 class="wp-block-heading">5.Coleção Lúcio Rangel (1964)</h2>



<h2 class="wp-block-heading">6.Coleção de Portugal &#8211; Arquivo Ultramarino (1964)<br>Transferida para o Museu do Ingá em 2016</h2>



<h2 class="wp-block-heading">7.Coleção Depoimentos para a Posteridade (1966- aos dias de hoje)</h2>



<h2 class="wp-block-heading">8.Coleção MIS (1970 &#8211; aos dias de hoje)</h2>



<h2 class="wp-block-heading">9.Coleção Rádio Nacional (1972)</h2>



<h2 class="wp-block-heading">10.Coleção Jacob do Bandolim (1974)</h2>



<h2 class="wp-block-heading">11.Coleção Elizeth Cardoso (1979)</h2>



<h2 class="wp-block-heading">12.Coleção Salvyano Cavalcanti (1987)</h2>



<h2 class="wp-block-heading">13.Coleção Irmãs Batista (1988)</h2>



<h2 class="wp-block-heading">14.Coleção Nara Leão (1990)</h2>



<h2 class="wp-block-heading">15. Coleção Palácio Guanaraba (1990)<br>Transferida para o Arquivo Público do Estado do Rio de Janeiro em 2006.</h2>



<h2 class="wp-block-heading">16.Coleção Odete Amaral (1998)</h2>



<h2 class="wp-block-heading">17.Coleção Abel Ferreira (1995)</h2>



<h2 class="wp-block-heading">18.Coleção Jurandyr Noronha (1997)</h2>



<h2 class="wp-block-heading">19.Coleção Jorge Murad (1999/2000)</h2>



<h2 class="wp-block-heading">20.Coleção Jairo Severiano (2004)</h2>



<h2 class="wp-block-heading">21.Coleção Sérgio Cabral (2007/ 2015/ 2017/ 2025)</h2>



<h2 class="wp-block-heading">22.Coleção Zezé Gonzaga (2008)</h2>



<h2 class="wp-block-heading">23. Coleção da Discoteca Pública do Distrito Federal (2009)</h2>



<h2 class="wp-block-heading">24. Coleção Paulo Tapajós (2009/ 2014)</h2>



<h2 class="wp-block-heading">25. Coleção Waldyr Azevedo (2010)</h2>



<h2 class="wp-block-heading">26.Coleção Hermínio Bello de Carvalho (2011/ 2012)</h2>



<h2 class="wp-block-heading">27.Coleção Dorival Caymmi (2011)</h2>



<h2 class="wp-block-heading">28.Coleção Luiz Carlos Saroldi (2012)</h2>



<h2 class="wp-block-heading">29.Coleção Braguinha (2013)</h2>



<h2 class="wp-block-heading">30.Coleção Herivelto Martins (2013)</h2>



<h2 class="wp-block-heading">31.Coleção Nelson Motta (2013/ 2015)</h2>



<h2 class="wp-block-heading">32.Coleção João Araújo (2014)</h2>



<h2 class="wp-block-heading">33.Coleção Oscarito (2015)</h2>



<h2 class="wp-block-heading">34.Coleção lmar de Carvalho (2019)</h2>



<h2 class="wp-block-heading">35.Coleção Júlio Louzada (2019)</h2>



<h2 class="wp-block-heading">36.Coleção Tito Madi (2019)</h2>



<h2 class="wp-block-heading">37.Coleção José Wilker (2024)</h2>



<h2 class="wp-block-heading">38.Coleção Garoto (2021)</h2>



<h2 class="wp-block-heading">39.Coleção Ronaldo Câmara (2022)</h2>



<h2 class="wp-block-heading">40.Coleção Ortiz Rubio Alexim (2022)</h2>



<h2 class="wp-block-heading">41.Coleção Ivan Lins (2023)</h2>



<h2 class="wp-block-heading">42.Coleção Marlene (2024)</h2>



<h2 class="wp-block-heading">43.Coleção Amaral Gurgel (2025)</h2>



<h2 class="wp-block-heading">44.Coleção Sindicato dos Músicos (2025)</h2>



<h2 class="wp-block-heading">45.Coleção Joel Nascimento (2025)</h2>



<div style="height:50px" aria-hidden="true" class="wp-block-spacer"></div>



<p></p>

<p>Coleções 1.Coleção Maurício Quádrio (1960/1961) 2.Coleção Augusto Malta (1964) 3.Coleção Guilherme dos Santos (1964) 4.Coleção Almirante (1964) 5.Coleção Lúcio Rangel [&hellip;]</p>
